base 14) to base 16.
-8037b
279879 (base 10) to base 16
44547
210012112111 (base 3) to base 9
705474
What is 731869 (base 11) in base 2?
100011110100010010110
Convert 65344 (base 12) to base 11.
91370
Convert -1257417 (base 8) to base 2.
-1010101111100001111
Convert -3856444 (base 10) to base 2.
-1110101101100000111100
Convert 1111011010001111011001 (base 2) to base 14.
77225b
Convert 330b12 (base 12) to base 13.
224a8c
Convert 10011102111 (base 3) to base 16.
f343
172491 (base 11) to base 13
9457b
What is 584576 (base 10) in base 6?
20310212
35522223 (base 6) to base 3
2002122121020
What is 20000112122 (base 3) in base 13?
41c1b
Convert 8507 (base 11) to base 7.
44554
-731002 (base 12) to base 10
-1805762
-103574 (base 8) to base 4
-20131330
Convert -12100001013 (base 4) to base 7.
-16632612
Convert 15511412 (base 7) to base 6.
52042432
Convert a8a76 (base 13) to base 9.
514308
122212113 (base 6) to base 11
1365758
What is -26511 (base 9) in base 3?
-220120101
What is -b38409 (base 14) in base 8?
-27060251
What is -53406564 (base 7) in base 3?
-22112200001000
-3156b (base 12) to base 5
-4032424
d95f22 (base 16) to base 11
804aa86
Convert -32303122 (base 5) to base 4.
-1003033110
What is -10102030 (base 5) in base 13?
-2b145
Convert -467844 (base 11) to base 12.
-2b9753
What is 5736d (base 16) in base 13?
c67a2
21a4661 (base 12) to base 10
6436009
What is -138a854 (base 11) in base 6?
-123051043
What is 400054032 (base 6) in base 13?
15164a5
100754 (base 10) to base 7
566513
Convert -248355 (base 13) to base 16.
-d59e7
What is 270b7b (base 12) in base 15?
cae65
What is -1444b1 (base 13) in base 8?
-1707051
What is -1431020003 (base 5) in base 13?
-a1b72b
-110010001110111111 (base 2) to base 5
-23041014
10156641 (base 7) to base 10
854736
4115112 (base 7) to base 9
828276
What is -16ce51 (base 15) in base 12?
-454657
Convert -204350 (base 7) to base 2.
-1000100101100000
Convert 101001101000110100001000 (base 2) to base 10.
10915080
466126 (base 7) to base 10
83761
Convert 44023 (base 15) to base 2.
110100101111100001
What is -1613564 (base 7) in base 2?
-110110010000000100
-10502b (base 12) to base 5
-31220012
Convert 158b7 (base 15) to base 7.
406354
100311440 (base 5) to base 15
7db9a
-2a0635c (base 13) to base 15
-129480e
What is -10011010100010000000100 (base 2) in base 9?
-10467055
What is 101120120111 (base 3) in base 15?
41a3d
-4304360 (base 7) to base 4
-1333211102
What is 231124402 (base 5) in base 13?
2a386a
What is -366c99 (base 15) in base 11?
-151a174
Convert 1044020 (base 5) to base 8.
44313
120210221 (base 4) to base 2
11000100100101001
-110101322 (base 5) to base 9
-788521
Convert -2341414 (base 8) to base 2.
-10011100001100001100
Convert -21407 (base 14) to base 13.
-2a771
Convert -d2d00 (base 14) to base 13.
-149c82
-22102022021122 (base 3) to base 8
-21042337
Convert -84330d (base 14) to base 11.
-257a762
What is c53440 (base 13) in base 10?
4605640
-1205514 (base 6) to base 12
-3089a
Convert 9245a (base 13) to base 7.
2141262
Convert 552cc2 (base 16) to base 2.
10101010010110011000010
829b3 (base 14) to base 13
b0347
What is -3b0742 (base 14) in base 3?
-10211111220011
Convert 1773403 (base 9) to base 6.
33142133
Convert 195819 (base 15) to base 8.
4551443
What is 2ac (base 15) in base 2?
1001100100
Convert 51350 (base 9) to base 14.
c47c
What is 4505442 (base 6) in base 14?
5c8ca
Convert f21f8 (base 16) to base 3.
1212101101222
111233131023 (base 4) to base 2
10101101111011101001011
9aa87 (base 11) to base 15
2d58e
What is 1111210010222 (base 3) in base 2?
11000011111110110000
-110101110010111101 (base 2) to base 10
-220349
Convert 7257 (base 12) to base 9.
18064
Convert 1a78635 (base 11) to base 12.
120716a
What is 212033322 (base 4) in base 6?
3205150
What is 110111110110011000 (base 2) in base 11?
146964
What is 6de431 (base 16) in base 9?
14486055
Convert -7224d7 (base 15) to base 11.
-3075750
-6490296 (base 11) to base 8
-53404566
What is a12c3 (base 14) in base 12?
16828b
Convert -1c19340 (base 13) to base 10.
-9331218
Convert 140442 (base 13) to base 15.
9912c
Convert 5736e3 (base 16) to base 11.
3254306
What is 398946 (base 10) in base 5?
100231241
-1120201124 (base 5) to base 15
-347994
Convert -1345306 (base 13) to base 10.
-6066430
What is 1b7a43 (base 12) in base 16?
77c13
Convert -2dbbcc (base 16) to base 6.
-144123524
What is -300404231 (base 5) in base 12?
-491891
What is -101011101000110111 (base 2) in base 12?
-87533
What is 366304 (base 12) in base 6?
30522004
16007 (base 16) to base 7
523511
-224a14 (base 12) to base 9
-1024027
2010200011 (base 3) to base 7
233401
Convert 274055 (base 13) to base 11.
59a863
What is -21110304 (base 5) in base 14?
-48064
21482755 (base 9) to base 5
10124410023
Convert -80746 (base 9) to base 2.
-1100111101101001
112550065 (base 7) to base 4
122121120301
What is -4adca3 (base 15) in base 12?
-12519a6
-103708 (base 11) to base 6
-3320015
-8670 (base 15) to base 2
-110111100100111
What is -f71eef (base 16) in base 10?
-16195311
-10210201121021 (base 3) to base 13
-55a431
Convert 3edba (base 15) to base 3.
101021101211
Convert 2030243 (base 7) to base 15.
4bd55
4086a9 (base 13) to base 4
11233022131
What is 2ed487 (base 16) in base 7?
35041464
Convert -1110100110000010110011 (base 2) to base 16.
-3a60b3
What is -11111111110011000011001 (base 2) in base 10?
-8381977
What is -5d45a3 (base 14) in base 8?
-14153163
-103301203 (base 4) to base 5
-10042440
-4736473 (base 9) to base 12
-a37656
Convert -2668c (base 16) to base 9.
-258724
415125 (base 8) to base 16
21a55
Convert 8386630 (base 9) to base 13.
c10b8a
Convert 12020021112010 (base 3) to base 7.
32431152
555631 (base 8) to base 10
187289
-30462 (base 13) to base 7
-510003
810512 (base 10) to base 16
c5e10
-2132322113 (base 4) to base 13
-19a366
Convert 2d68 (base 16) to base 8.
26550
Convert -18070 (base 13) to base 4.
-23102110
What is -1001111010000011101 (base 2) in base 4?
-1033100131
Convert -200210001 (base 3) to base 11.
-a316
Convert -247b3 (base 15) to base 4.
-130130031
Convert -3481212 (base 10) to base 7.
-41406210
24532b (base 14) to base 15
198759
What is c657a (base 14) in base 11?
2a75a0
Convert -1c979a (base 13) to base 5.
-142010413
What is 619214 (base 12) in base 10?
1529584
Convert 100001100001001010 (base 2) to base 10.
137290
What is -320120230 (base 4) in base 11?
-148580
Convert -314013525 (base 6) to base 7.
-64545665
What is 173249 (base 11) in base 12?
10abaa
Convert -100110102111001 (base 3) to base 14.
-94c29a
-27045003 (base 8) to base 5
-3022021014
Convert -2010030320 (base 4) to base 16.
-84338
What is -170490 (base 11) in base 3?
-111102022021
What is -420120320 (base 5) in base 10?
-1723210
2032352 (base 10) to base 6
111321012
1154513513 (base 6) to base 14
1ac5acd
-cc3954 (base 13) to base 11
-2793161
What is -22527752 (base 8) in base 7?
-56414154
What is -2020711 (base 10) in base 2?
-111101101010101100111
What is -111000000000110100001 (base 2) in base 13?
-4c3567
Convert -d93b8 (base 14) to base 16.
-80236
What is -120122 (base 8) in base 13?
-158b1
Convert -419c (base 14) to base 13.
-51c0
What is 2594968 (base 10) in base 13?
6cb1ac
214035052 (base 6) to base 14
71a0c0
What is -4916 (base 13) in base 6?
-115452
3bca23 (base 15) to base 8
12764527
Convert -15a188 (base 11) to base 12.
-bb487
226453 (base 9) to base 4
201030132
-3132111 (base 6) to base 16
-2522b
Convert 18a46b (base 12) to base 6.
13135015
What is 48053 (base 11) in base 8?
207226
What is 30132331013 (base 4) in base 14?
612875
What is 297ff (base 16) in base 7?
1305402
-6275221 (base 8) to base 16
-197a91
10141303021 (base 5) to base 13
2235763
Convert 10110110001000101100000 (base 2) to base 7.
101505033
Convert 245356 (base 7) to base 14.
1262d
Convert -1b1255 (base 13) to base 12.
-292231
-12111000022212 (base 3) to base 11
-170a906
What is 539706 (base 13) in base 7?
22454232
Convert -58917b (base 14) to base 10.
-3021449
3044044201 (base 5) to base 8
27626362
-1040240 (base 5) to base 10
-18195
Convert -36240 (base 15) to base 10.
-172635
What is 714482 (base 15) in base 11?
3045721
13141422233 (base 5) to base 4
332121212322
413579 (base 12) to base 3
1220221000010
131003111 (base 4) to base 3
20001020022
